{"text_format":"1","workbook":"xlsx","n_sheets":7,"sheets":["Scoresheet","Instructions","IPF GL Formula","WeightClasses","IPFDivision","carga","Premiacion"],"not_rendered":{"charts":0,"images":10,"macros":1,"external_links":0,"defined_names":1,"comments":0,"pivot_tables":0},"unopened":[],"bounds":{"document_bytes":16777216,"sheet_cells":100000,"rows_first":2000,"rows_last":500,"rows_between":2000,"halvings":0,"cell_chars":16384,"cell_head_chars":4096},"cells_cut":0,"cells_raw":0,"read":"whole","date_system":"1900"}

{"sheet":"Scoresheet","index":0,"n_rows":38,"n_cols":49,"rows_kept":38,"cut":false,"hidden":false,"merged":[[0,0,2,8],[1,23,1,27],[3,10,3,11],[3,27,3,28],[3,29,3,30],[3,25,3,26],[3,12,3,13],[3,14,3,15],[3,18,3,19],[3,20,3,21],[3,22,3,23]]}
["25+2.5",null,null,null,null,null,null,null,null,null,null,null,null,null,null,null,null,null,null,null,"√"]
[null,null,null,null,null,null,null,null,null,null,null,null,null,null,null,null,null,null,null,"×","×","NoLift","√"]
[null,null,null,null,null,null,null,null,null,null,null,null,null,null,"Apertura 2025 Kloster Gym"]
["Gr.","Lot","IPF Division","Name","Team","Birth Year","Division","Body Wt","WT Class","SQ rack","SQ-1",null,"SQ-2",null,"SQ-3",null,"Best SQ","BP rack","BP-1",null,"BP-2",null,"BP-3",null,"Best BP","DL-1",null,"DL-2",null,"DL-3",null,"Best DL","TOTAL","IPF GL Pts.","IPF GL Coeff."]
[null,null,null,null,null,null,null,null,{"$f":"IF(H5=\"\",\"\",VLOOKUP(H5,WeightClasses!$A$2:$E$18,IF(LEFT(G5,1)=\"F\",IF(YEAR(TODAY())-F5<24,4,2),IF(YEAR(TODAY())-F5<24,5,3)),TRUE))","v":""},null,null,null,null,null,null,null,{"$f":"IF(OR(L5<>0,N5<>0,P5<>0),MAX(IF(K5=$U$1,L5,0),IF(M5=$U$1,N5,0),IF(O5=$U$1,P5,0)),\"\")","v":""},null,null,null,null,null,null,null,{"$f":"IF(OR(T5<>0,V5<>0,X5<>0),MAX(IF(S5=$U$1,T5,0),IF(U5=$U$1,V5,0),IF(W5=$U$1,X5,0)),\"\")","v":""},null,null,null,null,null,null,{"$f":"IF(OR(AA5<>0,AC5<>0,AE5<>0),MAX(IF(Z5=$U$1,AA5,0),IF(AB5=$U$1,AC5,0),IF(AD5=$U$1,AE5,0)),\"\")","v":""},{"$f":"IF(OR(Q5<>\"\",Y5<>\"\",AF5<>\"\"),IF(AW5,\"DSQ\",IF(AND(RIGHT(G5,2)=\"PL\"),IF(Q5=\"\",0,Q5)+IF(Y5=\"\",0,Y5)+IF(AF5=\"\",0,AF5),IF(AND(RIGHT(G5,2)=\"BP\",Y5<>0),Y5,0))),\"\")","v":""},{"$f":"IF(AND(AG5<>\"\",ISNUMBER(AG5)),AI5*AG5,\"\")","v":""},{"$f":"IF(OR(H5=\"\",H5=0),0, ROUND(100/(VLOOKUP($G5,'IPF GL Formula'!$A$4:$F$11,3,FALSE)-VLOOKUP($G5,'IPF GL Formula'!$A$4:$F$11,4,FALSE)*EXP(-VLOOKUP($G5,'IPF GL Formula'!$A$4:$F$11,5,FALSE)*H5)),6))","v":0},null,{"$f":"K5=$U$2","v":false},{"$f":"M5=$U$2","v":false},{"$f":"O5=$U$2","v":false},{"$f":"S5=$U$2","v":false},{"$f":"U5=$U$2","v":false},{"$f":"W5=$U$2","v":false},{"$f":"Z5=$U$2","v":false},{"$f":"AB5=$U$2","v":false},{"$f":"AD5=$U$2","v":false},{"$f":"AND(AK5,AL5,AM5)","v":false},{"$f":"AND(AN5,AO5,AP5)","v":false},{"$f":"AND(AQ5,AR5,AS5)","v":false},{"$f":"OR(AT5,AU5,AV5)","v":false}]
[null,null,null,null,null,null,null,null,{"$f":"IF(H6=\"\",\"\",VLOOKUP(H6,WeightClasses!$A$2:$E$18,IF(LEFT(G6,1)=\"F\",IF(YEAR(TODAY())-F6<24,4,2),IF(YEAR(TODAY())-F6<24,5,3)),TRUE))","v":""},null,null,null,null,null,null,null,"",null,null,null,null,null,null,null,"",null,null,null,null,null,null,"","","",{"$f":"IF(OR(H6=\"\",H6=0),0, ROUND(100/(VLOOKUP($G6,'IPF GL Formula'!$A$4:$F$11,3,FALSE)-VLOOKUP($G6,'IPF GL Formula'!$A$4:$F$11,4,FALSE)*EXP(-VLOOKUP($G6,'IPF GL Formula'!$A$4:$F$11,5,FALSE)*H6)),6))","v":0},null,false,false,false,false,false,false,false,false,false,false,false,false,false]
[null,null,null,null,null,null,null,null,{"$f":"IF(H7=\"\",\"\",VLOOKUP(H7,WeightClasses!$A$2:$E$18,IF(LEFT(G7,1)=\"F\",IF(YEAR(TODAY())-F7<24,4,2),IF(YEAR(TODAY())-F7<24,5,3)),TRUE))","v":""},null,null,null,null,null,null,null,"",null,null,null,null,null,null,null,"",null,null,null,null,null,null,"","","",{"$f":"IF(OR(H7=\"\",H7=0),0, ROUND(100/(VLOOKUP($G7,'IPF GL Formula'!$A$4:$F$11,3,FALSE)-VLOOKUP($G7,'IPF GL Formula'!$A$4:$F$11,4,FALSE)*EXP(-VLOOKUP($G7,'IPF GL Formula'!$A$4:$F$11,5,FALSE)*H7)),6))","v":0},null,false,false,false,false,false,false,false,false,false,false,false,false,false]
[null,null,null,null,null,null,null,null,{"$f":"IF(H8=\"\",\"\",VLOOKUP(H8,WeightClasses!$A$2:$E$18,IF(LEFT(G8,1)=\"F\",IF(YEAR(TODAY())-F8<24,4,2),IF(YEAR(TODAY())-F8<24,5,3)),TRUE))","v":""},null,null,null,null,null,null,null,"",null,null,null,null,null,null,null,"",null,null,null,null,null,null,"","","",{"$f":"IF(OR(H8=\"\",H8=0),0, ROUND(100/(VLOOKUP($G8,'IPF GL Formula'!$A$4:$F$11,3,FALSE)-VLOOKUP($G8,'IPF GL Formula'!$A$4:$F$11,4,FALSE)*EXP(-VLOOKUP($G8,'IPF GL Formula'!$A$4:$F$11,5,FALSE)*H8)),6))","v":0},null,false,false,false,false,false,false,false,false,false,false,false,false,false]
[null,null,null,null,null,null,null,null,{"$f":"IF(H9=\"\",\"\",VLOOKUP(H9,WeightClasses!$A$2:$E$18,IF(LEFT(G9,1)=\"F\",IF(YEAR(TODAY())-F9<24,4,2),IF(YEAR(TODAY())-F9<24,5,3)),TRUE))","v":""},null,null,null,null,null,null,null,"",null,null,null,null,null,null,null,"",null,null,null,null,null,null,"","","",{"$f":"IF(OR(H9=\"\",H9=0),0, ROUND(100/(VLOOKUP($G9,'IPF GL Formula'!$A$4:$F$11,3,FALSE)-VLOOKUP($G9,'IPF GL Formula'!$A$4:$F$11,4,FALSE)*EXP(-VLOOKUP($G9,'IPF GL Formula'!$A$4:$F$11,5,FALSE)*H9)),6))","v":0},null,false,false,false,false,false,false,false,false,false,false,false,false,false]
[null,null,null,null,null,null,null,null,{"$f":"IF(H10=\"\",\"\",VLOOKUP(H10,WeightClasses!$A$2:$E$18,IF(LEFT(G10,1)=\"F\",IF(YEAR(TODAY())-F10<24,4,2),IF(YEAR(TODAY())-F10<24,5,3)),TRUE))","v":""},null,null,null,null,null,null,null,"",null,null,null,null,null,null,null,"",null,null,null,null,null,null,"","","",{"$f":"IF(OR(H10=\"\",H10=0),0, ROUND(100/(VLOOKUP($G10,'IPF GL Formula'!$A$4:$F$11,3,FALSE)-VLOOKUP($G10,'IPF GL Formula'!$A$4:$F$11,4,FALSE)*EXP(-VLOOKUP($G10,'IPF GL Formula'!$A$4:$F$11,5,FALSE)*H10)),6))","v":0},null,false,false,false,false,false,false,false,false,false,false,false,false,false]
[null,null,null,null,null,null,null,null,{"$f":"IF(H11=\"\",\"\",VLOOKUP(H11,WeightClasses!$A$2:$E$18,IF(LEFT(G11,1)=\"F\",IF(YEAR(TODAY())-F11<24,4,2),IF(YEAR(TODAY())-F11<24,5,3)),TRUE))","v":""},null,null,null,null,null,null,null,"",null,null,null,null,null,null,null,"",null,null,null,null,null,null,"","","",{"$f":"IF(OR(H11=\"\",H11=0),0, ROUND(100/(VLOOKUP($G11,'IPF GL Formula'!$A$4:$F$11,3,FALSE)-VLOOKUP($G11,'IPF GL Formula'!$A$4:$F$11,4,FALSE)*EXP(-VLOOKUP($G11,'IPF GL Formula'!$A$4:$F$11,5,FALSE)*H11)),6))","v":0},null,false,false,false,false,false,false,false,false,false,false,false,false,false]
[]
[]
[]
[]
[]
[]
[null,null,null,null,null,null,null,null,{"$f":"IF(H18=\"\",\"\",VLOOKUP(H18,WeightClasses!$A$2:$E$18,IF(LEFT(G18,1)=\"F\",IF(YEAR(TODAY())-F18<24,4,2),IF(YEAR(TODAY())-F18<24,5,3)),TRUE))","v":""},null,null,null,null,null,null,null,{"$f":"IF(OR(L18<>0,N18<>0,P18<>0),MAX(IF(K18=$U$1,L18,0),IF(M18=$U$1,N18,0),IF(O18=$U$1,P18,0)),\"\")","v":""},null,null,null,null,null,null,null,{"$f":"IF(OR(T18<>0,V18<>0,X18<>0),MAX(IF(S18=$U$1,T18,0),IF(U18=$U$1,V18,0),IF(W18=$U$1,X18,0)),\"\")","v":""},null,null,null,null,null,null,{"$f":"IF(OR(AA18<>0,AC18<>0,AE18<>0),MAX(IF(Z18=$U$1,AA18,0),IF(AB18=$U$1,AC18,0),IF(AD18=$U$1,AE18,0)),\"\")","v":""},{"$f":"IF(OR(Q18<>\"\",Y18<>\"\",AF18<>\"\"),IF(AW18,\"DSQ\",IF(AND(RIGHT(G18,2)=\"PL\"),IF(Q18=\"\",0,Q18)+IF(Y18=\"\",0,Y18)+IF(AF18=\"\",0,AF18),IF(AND(RIGHT(G18,2)=\"BP\",Y18<>0),Y18,0))),\"\")","v":""},{"$f":"IF(AND(AG18<>\"\",ISNUMBER(AG18)),AI18*AG18,\"\")","v":""},{"$f":"IF(OR(H18=\"\",H18=0),0, ROUND(100/(VLOOKUP($G18,'IPF GL Formula'!$A$4:$F$11,3,FALSE)-VLOOKUP($G18,'IPF GL Formula'!$A$4:$F$11,4,FALSE)*EXP(-VLOOKUP($G18,'IPF GL Formula'!$A$4:$F$11,5,FALSE)*H18)),6))","v":0},null,{"$f":"K18=$U$2","v":false},{"$f":"M18=$U$2","v":false},{"$f":"O18=$U$2","v":false},{"$f":"S18=$U$2","v":false},{"$f":"U18=$U$2","v":false},{"$f":"W18=$U$2","v":false},{"$f":"Z18=$U$2","v":false},{"$f":"AB18=$U$2","v":false},{"$f":"AD18=$U$2","v":false},{"$f":"AND(AK18,AL18,AM18)","v":false},{"$f":"AND(AN18,AO18,AP18)","v":false},{"$f":"AND(AQ18,AR18,AS18)","v":false},{"$f":"OR(AT18,AU18,AV18)","v":false}]
[null,null,null,null,null,null,null,null,{"$f":"IF(H19=\"\",\"\",VLOOKUP(H19,WeightClasses!$A$2:$E$18,IF(LEFT(G19,1)=\"F\",IF(YEAR(TODAY())-F19<24,4,2),IF(YEAR(TODAY())-F19<24,5,3)),TRUE))","v":""},null,null,null,null,null,null,null,"",null,null,null,null,null,null,null,"",null,null,null,null,null,null,"","","",{"$f":"IF(OR(H19=\"\",H19=0),0, ROUND(100/(VLOOKUP($G19,'IPF GL Formula'!$A$4:$F$11,3,FALSE)-VLOOKUP($G19,'IPF GL Formula'!$A$4:$F$11,4,FALSE)*EXP(-VLOOKUP($G19,'IPF GL Formula'!$A$4:$F$11,5,FALSE)*H19)),6))","v":0},null,false,false,false,false,false,false,false,false,false,false,false,false,false]
[null,null,null,null,null,null,null,null,{"$f":"IF(H20=\"\",\"\",VLOOKUP(H20,WeightClasses!$A$2:$E$18,IF(LEFT(G20,1)=\"F\",IF(YEAR(TODAY())-F20<24,4,2),IF(YEAR(TODAY())-F20<24,5,3)),TRUE))","v":""},null,null,null,null,null,null,null,"",null,null,null,null,null,null,null,"",null,null,null,null,null,null,"","","",{"$f":"IF(OR(H20=\"\",H20=0),0, ROUND(100/(VLOOKUP($G20,'IPF GL Formula'!$A$4:$F$11,3,FALSE)-VLOOKUP($G20,'IPF GL Formula'!$A$4:$F$11,4,FALSE)*EXP(-VLOOKUP($G20,'IPF GL Formula'!$A$4:$F$11,5,FALSE)*H20)),6))","v":0},null,false,false,false,false,false,false,false,false,false,false,false,false,false]
[null,null,null,null,null,null,null,null,{"$f":"IF(H21=\"\",\"\",VLOOKUP(H21,WeightClasses!$A$2:$E$18,IF(LEFT(G21,1)=\"F\",IF(YEAR(TODAY())-F21<24,4,2),IF(YEAR(TODAY())-F21<24,5,3)),TRUE))","v":""},null,null,null,null,null,null,null,"",null,null,null,null,null,null,null,"",null,null,null,null,null,null,"","","",{"$f":"IF(OR(H21=\"\",H21=0),0, ROUND(100/(VLOOKUP($G21,'IPF GL Formula'!$A$4:$F$11,3,FALSE)-VLOOKUP($G21,'IPF GL Formula'!$A$4:$F$11,4,FALSE)*EXP(-VLOOKUP($G21,'IPF GL Formula'!$A$4:$F$11,5,FALSE)*H21)),6))","v":0},null,false,false,false,false,false,false,false,false,false,false,false,false,false]
[null,null,null,null,null,null,null,null,{"$f":"IF(H22=\"\",\"\",VLOOKUP(H22,WeightClasses!$A$2:$E$18,IF(LEFT(G22,1)=\"F\",IF(YEAR(TODAY())-F22<24,4,2),IF(YEAR(TODAY())-F22<24,5,3)),TRUE))","v":""},null,null,null,null,null,null,null,"",null,null,null,null,null,null,null,"",null,null,null,null,null,null,"","","",{"$f":"IF(OR(H22=\"\",H22=0),0, ROUND(100/(VLOOKUP($G22,'IPF GL Formula'!$A$4:$F$11,3,FALSE)-VLOOKUP($G22,'IPF GL Formula'!$A$4:$F$11,4,FALSE)*EXP(-VLOOKUP($G22,'IPF GL Formula'!$A$4:$F$11,5,FALSE)*H22)),6))","v":0},null,false,false,false,false,false,false,false,false,false,false,false,false,false]
[null,null,null,null,null,null,null,null,{"$f":"IF(H23=\"\",\"\",VLOOKUP(H23,WeightClasses!$A$2:$E$18,IF(LEFT(G23,1)=\"F\",IF(YEAR(TODAY())-F23<24,4,2),IF(YEAR(TODAY())-F23<24,5,3)),TRUE))","v":""},null,null,null,null,null,null,null,"",null,null,null,null,null,null,null,"",null,null,null,null,null,null,"","","",{"$f":"IF(OR(H23=\"\",H23=0),0, ROUND(100/(VLOOKUP($G23,'IPF GL Formula'!$A$4:$F$11,3,FALSE)-VLOOKUP($G23,'IPF GL Formula'!$A$4:$F$11,4,FALSE)*EXP(-VLOOKUP($G23,'IPF GL Formula'!$A$4:$F$11,5,FALSE)*H23)),6))","v":0},null,false,false,false,false,false,false,false,false,false,false,false,false,false]
[null,null,null,null,null,null,null,null,{"$f":"IF(H24=\"\",\"\",VLOOKUP(H24,WeightClasses!$A$2:$E$18,IF(LEFT(G24,1)=\"F\",IF(YEAR(TODAY())-F24<24,4,2),IF(YEAR(TODAY())-F24<24,5,3)),TRUE))","v":""},null,null,null,null,null,null,null,"",null,null,null,null,null,null,null,"",null,null,null,null,null,null,"","","",{"$f":"IF(OR(H24=\"\",H24=0),0, ROUND(100/(VLOOKUP($G24,'IPF GL Formula'!$A$4:$F$11,3,FALSE)-VLOOKUP($G24,'IPF GL Formula'!$A$4:$F$11,4,FALSE)*EXP(-VLOOKUP($G24,'IPF GL Formula'!$A$4:$F$11,5,FALSE)*H24)),6))","v":0},null,false,false,false,false,false,false,false,false,false,false,false,false,false]
[null,null,null,null,null,null,null,null,{"$f":"IF(H25=\"\",\"\",VLOOKUP(H25,WeightClasses!$A$2:$E$18,IF(LEFT(G25,1)=\"F\",IF(YEAR(TODAY())-F25<24,4,2),IF(YEAR(TODAY())-F25<24,5,3)),TRUE))","v":""},null,null,null,null,null,null,null,"",null,null,null,null,null,null,null,"",null,null,null,null,null,null,"","","",{"$f":"IF(OR(H25=\"\",H25=0),0, ROUND(100/(VLOOKUP($G25,'IPF GL Formula'!$A$4:$F$11,3,FALSE)-VLOOKUP($G25,'IPF GL Formula'!$A$4:$F$11,4,FALSE)*EXP(-VLOOKUP($G25,'IPF GL Formula'!$A$4:$F$11,5,FALSE)*H25)),6))","v":0},null,false,false,false,false,false,false,false,false,false,false,false,false,false]
[null,null,null,null,null,null,null,null,{"$f":"IF(H26=\"\",\"\",VLOOKUP(H26,WeightClasses!$A$2:$E$18,IF(LEFT(G26,1)=\"F\",IF(YEAR(TODAY())-F26<24,4,2),IF(YEAR(TODAY())-F26<24,5,3)),TRUE))","v":""},null,null,null,null,null,null,null,"",null,null,null,null,null,null,null,"",null,null,null,null,null,null,"","","",{"$f":"IF(OR(H26=\"\",H26=0),0, ROUND(100/(VLOOKUP($G26,'IPF GL Formula'!$A$4:$F$11,3,FALSE)-VLOOKUP($G26,'IPF GL Formula'!$A$4:$F$11,4,FALSE)*EXP(-VLOOKUP($G26,'IPF GL Formula'!$A$4:$F$11,5,FALSE)*H26)),6))","v":0},null,false,false,false,false,false,false,false,false,false,false,false,false,false]
[null,null,null,null,null,null,null,null,{"$f":"IF(H27=\"\",\"\",VLOOKUP(H27,WeightClasses!$A$2:$E$18,IF(LEFT(G27,1)=\"F\",IF(YEAR(TODAY())-F27<24,4,2),IF(YEAR(TODAY())-F27<24,5,3)),TRUE))","v":""},null,null,null,null,null,null,null,"",null,null,null,null,null,null,null,"",null,null,null,null,null,null,"","","",{"$f":"IF(OR(H27=\"\",H27=0),0, ROUND(100/(VLOOKUP($G27,'IPF GL Formula'!$A$4:$F$11,3,FALSE)-VLOOKUP($G27,'IPF GL Formula'!$A$4:$F$11,4,FALSE)*EXP(-VLOOKUP($G27,'IPF GL Formula'!$A$4:$F$11,5,FALSE)*H27)),6))","v":0},null,false,false,false,false,false,false,false,false,false,false,false,false,false]
[null,null,null,null,null,null,null,null,{"$f":"IF(H28=\"\",\"\",VLOOKUP(H28,WeightClasses!$A$2:$E$18,IF(LEFT(G28,1)=\"F\",IF(YEAR(TODAY())-F28<24,4,2),IF(YEAR(TODAY())-F28<24,5,3)),TRUE))","v":""},null,null,null,null,null,null,null,"",null,null,null,null,null,null,null,"",null,null,null,null,null,null,"","","",{"$f":"IF(OR(H28=\"\",H28=0),0, ROUND(100/(VLOOKUP($G28,'IPF GL Formula'!$A$4:$F$11,3,FALSE)-VLOOKUP($G28,'IPF GL Formula'!$A$4:$F$11,4,FALSE)*EXP(-VLOOKUP($G28,'IPF GL Formula'!$A$4:$F$11,5,FALSE)*H28)),6))","v":0},null,false,false,false,false,false,false,false,false,false,false,false,false,false]
[null,null,null,null,null,null,null,null,{"$f":"IF(H29=\"\",\"\",VLOOKUP(H29,WeightClasses!$A$2:$E$18,IF(LEFT(G29,1)=\"F\",IF(YEAR(TODAY())-F29<24,4,2),IF(YEAR(TODAY())-F29<24,5,3)),TRUE))","v":""},null,null,null,null,null,null,null,"",null,null,null,null,null,null,null,"",null,null,null,null,null,null,"","","",{"$f":"IF(OR(H29=\"\",H29=0),0, ROUND(100/(VLOOKUP($G29,'IPF GL Formula'!$A$4:$F$11,3,FALSE)-VLOOKUP($G29,'IPF GL Formula'!$A$4:$F$11,4,FALSE)*EXP(-VLOOKUP($G29,'IPF GL Formula'!$A$4:$F$11,5,FALSE)*H29)),6))","v":0},null,false,false,false,false,false,false,false,false,false,false,false,false,false]
[null,null,null,null,null,null,null,null,{"$f":"IF(H30=\"\",\"\",VLOOKUP(H30,WeightClasses!$A$2:$E$18,IF(LEFT(G30,1)=\"F\",IF(YEAR(TODAY())-F30<24,4,2),IF(YEAR(TODAY())-F30<24,5,3)),TRUE))","v":""},null,null,null,null,null,null,null,"",null,null,null,null,null,null,null,"",null,null,null,null,null,null,"","","",{"$f":"IF(OR(H30=\"\",H30=0),0, ROUND(100/(VLOOKUP($G30,'IPF GL Formula'!$A$4:$F$11,3,FALSE)-VLOOKUP($G30,'IPF GL Formula'!$A$4:$F$11,4,FALSE)*EXP(-VLOOKUP($G30,'IPF GL Formula'!$A$4:$F$11,5,FALSE)*H30)),6))","v":0},null,false,false,false,false,false,false,false,false,false,false,false,false,false]
[null,null,null,null,null,null,null,null,{"$f":"IF(H31=\"\",\"\",VLOOKUP(H31,WeightClasses!$A$2:$E$18,IF(LEFT(G31,1)=\"F\",IF(YEAR(TODAY())-F31<24,4,2),IF(YEAR(TODAY())-F31<24,5,3)),TRUE))","v":""},null,null,null,null,null,null,null,"",null,null,null,null,null,null,null,"",null,null,null,null,null,null,"","","",{"$f":"IF(OR(H31=\"\",H31=0),0, ROUND(100/(VLOOKUP($G31,'IPF GL Formula'!$A$4:$F$11,3,FALSE)-VLOOKUP($G31,'IPF GL Formula'!$A$4:$F$11,4,FALSE)*EXP(-VLOOKUP($G31,'IPF GL Formula'!$A$4:$F$11,5,FALSE)*H31)),6))","v":0},null,false,false,false,false,false,false,false,false,false,false,false,false,false]
[null,null,null,null,null,null,null,null,{"$f":"IF(H32=\"\",\"\",VLOOKUP(H32,WeightClasses!$A$2:$E$18,IF(LEFT(G32,1)=\"F\",IF(YEAR(TODAY())-F32<24,4,2),IF(YEAR(TODAY())-F32<24,5,3)),TRUE))","v":""},null,null,null,null,null,null,null,"",null,null,null,null,null,null,null,"",null,null,null,null,null,null,"","","",{"$f":"IF(OR(H32=\"\",H32=0),0, ROUND(100/(VLOOKUP($G32,'IPF GL Formula'!$A$4:$F$11,3,FALSE)-VLOOKUP($G32,'IPF GL Formula'!$A$4:$F$11,4,FALSE)*EXP(-VLOOKUP($G32,'IPF GL Formula'!$A$4:$F$11,5,FALSE)*H32)),6))","v":0},null,false,false,false,false,false,false,false,false,false,false,false,false,false]
[null,null,null,null,null,null,null,null,{"$f":"IF(H33=\"\",\"\",VLOOKUP(H33,WeightClasses!$A$2:$E$18,IF(LEFT(G33,1)=\"F\",IF(YEAR(TODAY())-F33<24,4,2),IF(YEAR(TODAY())-F33<24,5,3)),TRUE))","v":""},null,null,null,null,null,null,null,"",null,null,null,null,null,null,null,"",null,null,null,null,null,null,"","","",{"$f":"IF(OR(H33=\"\",H33=0),0, ROUND(100/(VLOOKUP($G33,'IPF GL Formula'!$A$4:$F$11,3,FALSE)-VLOOKUP($G33,'IPF GL Formula'!$A$4:$F$11,4,FALSE)*EXP(-VLOOKUP($G33,'IPF GL Formula'!$A$4:$F$11,5,FALSE)*H33)),6))","v":0},null,false,false,false,false,false,false,false,false,false,false,false,false,false]
[null,null,null,null,null,null,null,null,{"$f":"IF(H34=\"\",\"\",VLOOKUP(H34,WeightClasses!$A$2:$E$18,IF(LEFT(G34,1)=\"F\",IF(YEAR(TODAY())-F34<24,4,2),IF(YEAR(TODAY())-F34<24,5,3)),TRUE))","v":""},null,null,null,null,null,null,null,"",null,null,null,null,null,null,null,"",null,null,null,null,null,null,"","","",{"$f":"IF(OR(H34=\"\",H34=0),0, ROUND(100/(VLOOKUP($G34,'IPF GL Formula'!$A$4:$F$11,3,FALSE)-VLOOKUP($G34,'IPF GL Formula'!$A$4:$F$11,4,FALSE)*EXP(-VLOOKUP($G34,'IPF GL Formula'!$A$4:$F$11,5,FALSE)*H34)),6))","v":0},null,false,false,false,false,false,false,false,false,false,false,false,false,false]
[null,null,null,null,null,null,null,null,{"$f":"IF(H35=\"\",\"\",VLOOKUP(H35,WeightClasses!$A$2:$E$18,IF(LEFT(G35,1)=\"F\",IF(YEAR(TODAY())-F35<24,4,2),IF(YEAR(TODAY())-F35<24,5,3)),TRUE))","v":""},null,null,null,null,null,null,null,"",null,null,null,null,null,null,null,"",null,null,null,null,null,null,"","","",{"$f":"IF(OR(H35=\"\",H35=0),0, ROUND(100/(VLOOKUP($G35,'IPF GL Formula'!$A$4:$F$11,3,FALSE)-VLOOKUP($G35,'IPF GL Formula'!$A$4:$F$11,4,FALSE)*EXP(-VLOOKUP($G35,'IPF GL Formula'!$A$4:$F$11,5,FALSE)*H35)),6))","v":0},null,false,false,false,false,false,false,false,false,false,false,false,false,false]
[null,null,null,null,null,null,null,null,{"$f":"IF(H36=\"\",\"\",VLOOKUP(H36,WeightClasses!$A$2:$E$18,IF(LEFT(G36,1)=\"F\",IF(YEAR(TODAY())-F36<24,4,2),IF(YEAR(TODAY())-F36<24,5,3)),TRUE))","v":""},null,null,null,null,null,null,null,"",null,null,null,null,null,null,null,"",null,null,null,null,null,null,"","","",{"$f":"IF(OR(H36=\"\",H36=0),0, ROUND(100/(VLOOKUP($G36,'IPF GL Formula'!$A$4:$F$11,3,FALSE)-VLOOKUP($G36,'IPF GL Formula'!$A$4:$F$11,4,FALSE)*EXP(-VLOOKUP($G36,'IPF GL Formula'!$A$4:$F$11,5,FALSE)*H36)),6))","v":0},null,false,false,false,false,false,false,false,false,false,false,false,false,false]
[null,null,null,null,null,null,null,null,{"$f":"IF(H37=\"\",\"\",VLOOKUP(H37,WeightClasses!$A$2:$E$18,IF(LEFT(G37,1)=\"F\",IF(YEAR(TODAY())-F37<24,4,2),IF(YEAR(TODAY())-F37<24,5,3)),TRUE))","v":""},null,null,null,null,null,null,null,"",null,null,null,null,null,null,null,"",null,null,null,null,null,null,"","","",{"$f":"IF(OR(H37=\"\",H37=0),0, ROUND(100/(VLOOKUP($G37,'IPF GL Formula'!$A$4:$F$11,3,FALSE)-VLOOKUP($G37,'IPF GL Formula'!$A$4:$F$11,4,FALSE)*EXP(-VLOOKUP($G37,'IPF GL Formula'!$A$4:$F$11,5,FALSE)*H37)),6))","v":0},null,false,false,false,false,false,false,false,false,false,false,false,false,false]
[null,null,null,null,null,null,null,null,{"$f":"IF(H38=\"\",\"\",VLOOKUP(H38,WeightClasses!$A$2:$E$18,IF(LEFT(G38,1)=\"F\",IF(YEAR(TODAY())-F38<24,4,2),IF(YEAR(TODAY())-F38<24,5,3)),TRUE))","v":""},null,null,null,null,null,null,null,"",null,null,null,null,null,null,null,"",null,null,null,null,null,null,"","","",{"$f":"IF(OR(H38=\"\",H38=0),0, ROUND(100/(VLOOKUP($G38,'IPF GL Formula'!$A$4:$F$11,3,FALSE)-VLOOKUP($G38,'IPF GL Formula'!$A$4:$F$11,4,FALSE)*EXP(-VLOOKUP($G38,'IPF GL Formula'!$A$4:$F$11,5,FALSE)*H38)),6))","v":0},null,false,false,false,false,false,false,false,false,false,false,false,false,false]

{"sheet":"Instructions","index":1,"n_rows":82,"n_cols":3,"rows_kept":82,"cut":false,"hidden":false,"merged":[]}
[]
[null,"1.  Enter lifter information into the spreadsheet in the approriate columns.  Column titles can be changed or Translated to another language after Unprotecting the Spreadsheet."]
[null,null,"A separate Scoresheet can be created for each Men/Women, Classic/Equipped, Powerlifting/Bench Press or they may all be entered on the same scoresheet."]
[]
[null,"2.  When Birth Year and Body Weight are entered the will automatically determine the correct WT Class."]
[]
[null,"3.  Any of the 8 IPF GL Formulas can be selected for a lifter.  A description of the each formula can be found on the IPF GL Formula sheet.  Use the drop down menu in the cell."]
[null,null,"Lifter1 in the first row is entered in Female-Classic-Powerlifting.  The IPF Formula to calculate her IPF Points is F-CL-PL."]
[]
[null,"4.  The gray areas contain formulas and information that will be protected when you Protect the spreadsheet "]
[]
[]
[]
[]
[]
[]
[]
[]
[]
[]
[]
[]
[]
[]
[]
[]
[null,"5.  You may unprotect the Scoresheet to use the sort functions in Excel to group competitors by weight class, age division, or IPF GL Formula."]
[]
[null,"6.  When a lifter completes an attempt, click in the cell next to the weight."]
[null,null,"For a Good Lift select √.  The cell will turn green. Example:  Osmialowski, SQ-1."]
[null,null,"For a No Lift select ×.  The cell will turn pink with a strikethrough font. Example:  Kupperstein, SQ-1."]
[]
[]
[]
[]
[]
[]
[]
[]
[]
[]
[]
[]
[]
[]
[null,"7.  When Bench Press only lifters complete a successful lift and when 3-Lift competitors achieve a Total, IPF GL Points are automatically computed."]
[]
[]
[]
[]
[]
[]
[]
[]
[]
[]
[null,"8.  To use the file again, Clear Contents or Delete the information in the areas of the Scoresheet that are not not gray in color - shown below. Or push buttom \"Clear All Data\" and confirm the deleting."]
[]
[]
[]
[]
[]
[]
[]
[]
[]
[]
[null,"1. Ingrese la información del levantador en la hoja de cálculo en las columnas correspondientes. Los títulos de las columnas se pueden cambiar o traducir a otro idioma después de desproteger la hoja de cálculo."]
[]
[null,"2. Cuando se ingresen el año de nacimiento y el peso corporal, se determinará automáticamente la clase de peso corporal correcta."]
[]
[null,"3. Se puede seleccionar cualquiera de las 8 fórmulas IPF GL para un levantador. Puede encontrar una descripción de cada fórmula en la hoja de fórmula IPF GL. Use el menú desplegable en la celda."]
[]
[null,"4. Las áreas grises contienen fórmulas e información que estarán protegidas cuando proteja la hoja de cálculo"]
[]
[null,"5. Puede desproteger la hoja de puntuación para usar las funciones de clasificación en Excel para agrupar a los competidores por categoría de peso, división de edad o fórmula IPF GL."]
[]
[null,"6. Cuando un levantador complete un intento, haga clic en la celda junto al peso. Para un buen levantamiento, seleccione √. La celda se volverá verde. Ejemplo: Osmialowski, SQ-1. Para un No Lift, seleccione ×. La celda se volverá rosa con una fuente tachada. Ejemplo: Kupperstein, SQ-1."]
[]
[null,"7. Cuando los levantadores de Bench Press solo completan un levantamiento exitoso y cuando los competidores de 3 levantamientos logran un total, los puntos IPF GL se calculan automáticamente."]
[]
[null,"8. Para usar el archivo nuevamente, borre el contenido o elimine la información en las áreas de la hoja de puntaje que no están en color gris, como se muestra a continuación. O presione el botón \"Borrar todos los datos\" y confirme la eliminación."]

{"sheet":"IPF GL Formula","index":2,"n_rows":11,"n_cols":5,"rows_kept":11,"cut":false,"hidden":true,"merged":[[0,0,1,4]]}
["Reference Values"]
[]
["IPF GL Formula","Description","A","B","C"]
["M-CL-PL","Male Classic 3-Lift",1199.72839,1025.1816200000001,9.2099999999999994E-3]
["M-CL-BP","Male Classic Bench",320.98041000000001,281.40258,1.008E-2]
["M-EQ-PL","Male Equipped 3-Lift",1236.2511500000001,1449.2186400000001,1.644E-2]
["M-EQ-BP","Male Equipped Bench",381.22073,733.79377999999997,2.3980000000000001E-2]
["F-CL-PL","Female Classic 3-Lift",610.32795999999996,1045.5928200000001,3.048E-2]
["F-CL-BP","Female Classic Bench",142.40397999999999,442.52670999999998,4.7239999999999997E-2]
["F-EQ-PL","Female Equipped 3-Lift",758.63878,949.31381999999996,2.435E-2]
["F-EQ-BP","Female Equipped Bench",221.82209,357.00376999999997,2.937E-2]

{"sheet":"WeightClasses","index":3,"n_rows":18,"n_cols":5,"rows_kept":18,"cut":false,"hidden":true,"merged":[]}
[null,"F","M","F-Jr","M-Jr"]
[10,47,59,43,53]
[43.01,47,59,47,53]
[47.01,52,59,52,53]
[52.01,57,59,57,53]
[53.01,57,59,57,59]
[57.01,63,59,63,59]
[59.01,63,66,63,66]
[63.01,69,66,69,66]
[66.010000000000005,69,74,69,74]
[69.010000000000005,76,74,76,74]
[74.010000000000005,76,83,76,83]
[76.010000000000005,84,83,84,83]
[83.01,84,93,84,93]
[84.01,84.1,93,84.1,93]
[93.01,84.1,105,84.1,105]
[105.01,84.1,120,84.1,120]
[120.01,84.1,120.1,84.1,120.1]

{"sheet":"IPFDivision","index":4,"n_rows":32,"n_cols":6,"rows_kept":32,"cut":false,"hidden":false,"merged":[]}
["Abbrev","Description"]
["F-SJr"," Women (14 -18)",null,null,"Grupo"," Lote"]
["F-Jr"," Women (19 -23)",null,null,1,7]
["F-O"," Women",null,null,2,28]
["F-M1"," Women (40 -49)",null,null,3,5]
["F-M2"," Women (50 -59)",null,null,4,22]
["F-M3"," Women (60 -69)",null,null,null,13]
["F-M4"," Women (70+) -",null,null,null,8]
["M-SJr"," Men (14 -18)",null,null,null,26]
["M-Jr"," Men (19 -23)",null,null,null,10]
["M-O"," Men",null,null,null,14]
["M-M1"," Men (40 -49)",null,null,null,16]
["M-M2"," Men (50 -59)",null,null,null,4]
["M-M3"," Men (60 -69)",null,null,null,29]
["M-M4"," Men (70+) -",null,null,null,9]
[null,null,null,null,null,2]
[null,null,null,null,null,1]
[null,null,null,null,null,6]
[null,null,null,null,null,30]
[null,null,null,null,null,27]
[null,null,null,null,null,20]
[null,null,null,null,null,25]
[null,null,null,null,null,21]
[null,null,null,null,null,3]
[null,null,null,null,null,18]
[null,null,null,null,null,15]
[null,null,null,null,null,12]
[null,null,null,null,null,17]
[null,null,null,null,null,24]
[null,null,null,null,null,11]
[null,null,null,null,null,23]
[null,null,null,null,null,19]

{"sheet":"carga","index":5,"n_rows":876,"n_cols":6,"rows_kept":876,"cut":false,"hidden":true,"merged":[[0,1,0,4]]}
["INTENTO","CARGA  DE BARRA   POR   LADO"]
[25,0]
[25.5,0.25]
[26,0.5]
[26.5,0.75]
[27,1]
[27.5,1.25]
[28,1.25,0.25]
[28.5,1.25,0.5]
[29,1.25,0.75]
[29.5,1.25,1]
[30,2.5]
[30.5,2.5,0.25]
[31,2.5,0.5]
[31.5,2.5,0.75]
[32,2.5,1]
[32.5,2.5,1.25]
[33,2.5,1.25,0.25]
[33.5,2.5,1.25,0.5]
[34,2.5,1.25,0.75]
[34.5,2.5,1.25,1]
[35,5]
[35.5,5,0.25]
[36,5,0.5]
[36.5,5,0.75]
[37,5,1]
[37.5,5,1.25]
[38,5,1.25,0.25]
[38.5,5,1.25,0.5]
[39,5,1.25,0.75]
[39.5,5,1.25,1]
[40,5,2.5]
[40.5,5,2.5,0.25]
[41,5,2.5,0.5]
[41.5,5,2.5,0.75]
[42,5,2.5,1]
[42.5,5,2.5,1.25]
[43,5,2.5,1.25,0.25]
[43.5,5,2.5,1.25,0.5]
[44,5,2.5,1.25,0.75]
[44.5,5,2.5,1.25,1]
[45,10]
[45.5,10,0.25]
[46,10,0.5]
[46.5,10,0.75]
[47,10,1]
[47.5,10,1.25]
[48,10,1.25,0.25]
[48.5,10,1.25,0.5]
[49,10,1.25,0.75]
[49.5,10,1.25,1]
[50,10,2.5]
[50.5,10,2.5,0.25]
[51,10,2.5,0.5]
[51.5,10,2.5,0.75]
[52,10,2.5,1]
[52.5,10,2.5,1.25]
[53,10,2.5,1.25,0.25]
[53.5,10,2.5,1.25,0.5]
[54,10,2.5,1.25,0.75]
[54.5,10,2.5,1.25,1]
[55,15]
[55.5,15,0.25]
[56,15,0.5]
[56.5,15,0.75]
[57,15,1]
[57.5,15,1.25]
[58,15,1.25,0.25]
[58.5,15,1.25,0.5]
[59,15,1.25,0.75]
[59.5,15,1.25,1]
[60,15,2.5]
[60.5,15,2.5,0.25]
[61,15,2.5,0.5]
[61.5,15,2.5,0.75]
[62,15,2.5,1]
[62.5,15,2.5,1.25]
[63,15,2.5,1.25,0.25]
[63.5,15,2.5,1.25,0.5]
[64,15,2.5,1.25,0.75]
[64.5,15,2.5,1.25,1]
[65,20]
[65.5,20,0.25]
[66,20,0.5]
[66.5,20,0.75]
[67,20,1]
[67.5,20,1.25]
[68,20,1.25,0.25]
[68.5,20,1.25,0.5]
[69,20,1.25,0.75]
[69.5,20,1.25,1]
[70,20,2.5]
[70.5,20,2.5,0.25]
[71,20,2.5,0.5]
[71.5,20,2.5,0.75]
[72,20,2.5,1]
[72.5,20,2.5,1.25]
[73,20,2.5,1.25,0.25]
[73.5,20,2.5,1.25,0.5]
[74,20,2.5,1.25,0.75]
[74.5,20,2.5,1.25,1]
[75,25]
[75.5,25,0.25]
[76,25,0.5]
[76.5,25,0.75]
[77,25,1]
[77.5,25,1.25]
[78,25,1.25,0.25]
[78.5,25,1.25,0.5]
[79,25,1.25,0.75]
[79.5,25,1.25,1]
[80,25,2.5]
[80.5,25,2.5,0.25]
[81,25,2.5,0.5]
[81.5,25,2.5,0.75]
[82,25,2.5,1]
[82.5,25,2.5,1.25]
[83,25,2.5,1.25,0.25]
[83.5,25,2.5,1.25,0.5]
[84,25,2.5,1.25,0.75]
[84.5,25,2.5,1.25,1]
[85,25,5]
[85.5,25,5,0.25]
[86,25,5,0.5]
[86.5,25,5,0.75]
[87,25,5,1]
[87.5,25,5,1.25]
[88,25,5,1.25,0.25]
[88.5,25,5,1.25,0.5]
[89,25,5,1.25,0.75]
[89.5,25,5,1.25,1]
[90,25,5,2.5]
[90.5,25,5,2.5,0.25]
[91,25,5,2.5,0.5]
[91.5,25,5,2.5,0.75]
[92,25,5,2.5,1]
[92.5,25,5,2.5,1.25]
[93,25,5,2.5,1.25,0.25]
[93.5,25,5,2.5,1.25,0.5]
[94,25,5,2.5,1.25,0.75]
[94.5,25,5,2.5,1.25,1]
[95,25,10]
[95.5,25,10,0.25]
[96,25,10,0.5]
[96.5,25,10,0.75]
[97,25,10,1]
[97.5,25,10,1.25]
[98,25,10,1.25,0.25]
[98.5,25,10,1.25,0.5]
[99,25,10,1.25,0.75]
[99.5,25,10,1.25,1]
[100,25,10,2.5]
[100.5,25,10,2.5,0.25]
[101,25,10,2.5,0.5]
[101.5,25,10,2.5,0.75]
[102,25,10,2.5,1]
[102.5,25,10,2.5,1.25]
[103,25,10,2.5,1.25,0.25]
[103.5,25,10,2.5,1.25,0.5]
[104,25,10,2.5,1.25,0.75]
[104.5,25,10,2.5,1.25,1]
[105,25,15]
[105.5,25,15,0.25]
[106,25,15,0.5]
[106.5,25,15,0.75]
[107,25,15,1]
[107.5,25,15,1.25]
[108,25,15,1.25,0.25]
[108.5,25,15,1.25,0.5]
[109,25,15,1.25,0.75]
[109.5,25,15,1.25,1]
[110,25,15,2.5]
[110.5,25,15,2.5,0.25]
[111,25,15,2.5,0.5]
[111.5,25,15,2.5,0.75]
[112,25,15,2.5,1]
[112.5,25,15,2.5,1.25]
[113,25,15,2.5,1.25,0.25]
[113.5,25,15,2.5,1.25,0.5]
[114,25,15,2.5,1.25,0.75]
[114.5,25,15,2.5,1.25,1]
[115,25,20]
[115.5,25,20,0.25]
[116,25,20,0.5]
[116.5,25,20,0.75]
[117,25,20,1]
[117.5,25,20,1.25]
[118,25,20,1.25,0.25]
[118.5,25,20,1.25,0.5]
[119,25,20,1.25,0.75]
[119.5,25,20,1.25,1]
[120,25,20,2.5]
[120.5,25,20,2.5,0.25]
[121,25,20,2.5,0.5]
[121.5,25,20,2.5,0.75]
[122,25,20,2.5,1]
[122.5,25,20,2.5,1.25]
[123,25,20,2.5,1.25,0.25]
[123.5,25,20,2.5,1.25,0.5]
[124,25,20,2.5,1.25,0.75]
[124.5,25,20,2.5,1.25,1]
[125,"2 x 25"]
[125.5,"2 x 25",0.25]
[126,"2 x 25",0.5]
[126.5,"2 x 25",0.75]
[127,"2 x 25",1]
[127.5,"2 x 25",1.25]
[128,"2 x 25",1.25,0.25]
[128.5,"2 x 25",1.25,0.5]
[129,"2 x 25",1.25,0.75]
[129.5,"2 x 25",1.25,1]
[130,"2 x 25",2.5]
[130.5,"2 x 25",2.5,0.25]
[131,"2 x 25",2.5,0.5]
[131.5,"2 x 25",2.5,0.75]
[132,"2 x 25",2.5,1]
[132.5,"2 x 25",2.5,1.25]
[133,"2 x 25",2.5,1.25,0.25]
[133.5,"2 x 25",2.5,1.25,0.5]
[134,"2 x 25",2.5,1.25,0.75]
[134.5,"2 x 25",2.5,1.25,1]
[135,"2 x 25",5]
[135.5,"2 x 25",5,0.25]
[136,"2 x 25",5,0.5]
[136.5,"2 x 25",5,0.75]
[137,"2 x 25",5,1]
[137.5,"2 x 25",5,1.25]
[138,"2 x 25",5,1.25,0.25]
[138.5,"2 x 25",5,1.25,0.5]
[139,"2 x 25",5,1.25,0.75]
[139.5,"2 x 25",5,1.25,1]
[140,"2 x 25",5,2.5]
[140.5,"2 x 25",5,2.5,0.25]
[141,"2 x 25",5,2.5,0.5]
[141.5,"2 x 25",5,2.5,0.75]
[142,"2 x 25",5,2.5,1]
[142.5,"2 x 25",5,2.5,1.25]
[143,"2 x 25",5,2.5,1.25,0.25]
[143.5,"2 x 25",5,2.5,1.25,0.5]
[144,"2 x 25",5,2.5,1.25,0.75]
[144.5,"2 x 25",5,2.5,1.25,1]
[145,"2 x 25",10]
[145.5,"2 x 25",10,0.25]
[146,"2 x 25",10,0.5]
[146.5,"2 x 25",10,0.75]
[147,"2 x 25",10,1]
[147.5,"2 x 25",10,1.25]
[148,"2 x 25",10,1.25,0.25]
[148.5,"2 x 25",10,1.25,0.5]
[149,"2 x 25",10,1.25,0.75]
[149.5,"2 x 25",10,1.25,1]
[150,"2 x 25",10,2.5]
[150.5,"2 x 25",10,2.5,0.25]
[151,"2 x 25",10,2.5,0.5]
[151.5,"2 x 25",10,2.5,0.75]
[152,"2 x 25",10,2.5,1]
[152.5,"2 x 25",10,2.5,1.25]
[153,"2 x 25",10,2.5,1.25,0.25]
[153.5,"2 x 25",10,2.5,1.25,0.5]
[154,"2 x 25",10,2.5,1.25,0.75]
[154.5,"2 x 25",10,2.5,1.25,1]
[155,"2 x 25",15]
[155.5,"2 x 25",15,0.25]
[156,"2 x 25",15,0.5]
[156.5,"2 x 25",15,0.75]
[157,"2 x 25",15,1]
[157.5,"2 x 25",15,1.25]
[158,"2 x 25",15,1.25,0.25]
[158.5,"2 x 25",15,1.25,0.5]
[159,"2 x 25",15,1.25,0.75]
[159.5,"2 x 25",15,1.25,1]
[160,"2 x 25",15,2.5]
[160.5,"2 x 25",15,2.5,0.25]
[161,"2 x 25",15,2.5,0.5]
[161.5,"2 x 25",15,2.5,0.75]
[162,"2 x 25",15,2.5,1]
[162.5,"2 x 25",15,2.5,1.25]
[163,"2 x 25",15,2.5,1.25,0.25]
[163.5,"2 x 25",15,2.5,1.25,0.5]
[164,"2 x 25",15,2.5,1.25,0.75]
[164.5,"2 x 25",15,2.5,1.25,1]
[165,"2 x 25",20]
[165.5,"2 x 25",20,0.25]
[166,"2 x 25",20,0.5]
[166.5,"2 x 25",20,0.75]
[167,"2 x 25",20,1]
[167.5,"2 x 25",20,1.25]
[168,"2 x 25",20,1.25,0.25]
[168.5,"2 x 25",20,1.25,0.5]
[169,"2 x 25",20,1.25,0.75]
[169.5,"2 x 25",20,1.25,1]
[170,"2 x 25",20,2.5]
[170.5,"2 x 25",20,2.5,0.25]
[171,"2 x 25",20,2.5,0.5]
[171.5,"2 x 25",20,2.5,0.75]
[172,"2 x 25",20,2.5,1]
[172.5,"2 x 25",20,2.5,1.25]
[173,"2 x 25",20,2.5,1.25,0.25]
[173.5,"2 x 25",20,2.5,1.25,0.5]
[174,"2 x 25",20,2.5,1.25,0.75]
[174.5,"2 x 25",20,2.5,1.25,1]
[175,"3 x 25"]
[175.5,"3 x 25",0.25]
[176,"3 x 25",0.5]
[176.5,"3 x 25",0.75]
[177,"3 x 25",1]
[177.5,"3 x 25",1.25]
[178,"3 x 25",1.25,0.25]
[178.5,"3 x 25",1.25,0.5]
[179,"3 x 25",1.25,0.75]
[179.5,"3 x 25",1.25,1]
[180,"3 x 25",2.5]
[180.5,"3 x 25",2.5,0.25]
[181,"3 x 25",2.5,0.5]
[181.5,"3 x 25",2.5,0.75]
[182,"3 x 25",2.5,1]
[182.5,"3 x 25",2.5,1.25]
[183,"3 x 25",2.5,1.25,0.25]
[183.5,"3 x 25",2.5,1.25,0.5]
[184,"3 x 25",2.5,1.25,0.75]
[184.5,"3 x 25",2.5,1.25,1]
[185,"3 x 25",5]
[185.5,"3 x 25",5,0.25]
[186,"3 x 25",5,0.5]
[186.5,"3 x 25",5,0.75]
[187,"3 x 25",5,1]
[187.5,"3 x 25",5,1.25]
[188,"3 x 25",5,1.25,0.25]
[188.5,"3 x 25",5,1.25,0.5]
[189,"3 x 25",5,1.25,0.75]
[189.5,"3 x 25",5,1.25,1]
[190,"3 x 25",5,2.5]
[190.5,"3 x 25",5,2.5,0.25]
[191,"3 x 25",5,2.5,0.5]
[191.5,"3 x 25",5,2.5,0.75]
[192,"3 x 25",5,2.5,1]
[192.5,"3 x 25",5,2.5,1.25]
[193,"3 x 25",5,2.5,1.25,0.25]
[193.5,"3 x 25",5,2.5,1.25,0.5]
[194,"3 x 25",5,2.5,1.25,0.75]
[194.5,"3 x 25",5,2.5,1.25,1]
[195,"3 x 25",10]
[195.5,"3 x 25",10,0.25]
[196,"3 x 25",10,0.5]
[196.5,"3 x 25",10,0.75]
[197,"3 x 25",10,1]
[197.5,"3 x 25",10,1.25]
[198,"3 x 25",10,1.25,0.25]
[198.5,"3 x 25",10,1.25,0.5]
[199,"3 x 25",10,1.25,0.75]
[199.5,"3 x 25",10,1.25,1]
[200,"3 x 25",10,2.5]
[200.5,"3 x 25",10,2.5,0.25]
[201,"3 x 25",10,2.5,0.5]
[201.5,"3 x 25",10,2.5,0.75]
[202,"3 x 25",10,2.5,1]
[202.5,"3 x 25",10,2.5,1.25]
[203,"3 x 25",10,2.5,1.25,0.25]
[203.5,"3 x 25",10,2.5,1.25,0.5]
[204,"3 x 25",10,2.5,1.25,0.75]
[204.5,"3 x 25",10,2.5,1.25,1]
[205,"3 x 25",15]
[205.5,"3 x 25",15,0.25]
[206,"3 x 25",15,0.5]
[206.5,"3 x 25",15,0.75]
[207,"3 x 25",15,1]
[207.5,"3 x 25",15,1.25]
[208,"3 x 25",15,1.25,0.25]
[208.5,"3 x 25",15,1.25,0.5]
[209,"3 x 25",15,1.25,0.75]
[209.5,"3 x 25",15,1.25,1]
[210,"3 x 25",15,2.5]
[210.5,"3 x 25",15,2.5,0.25]
[211,"3 x 25",15,2.5,0.5]
[211.5,"3 x 25",15,2.5,0.75]
[212,"3 x 25",15,2.5,1]
[212.5,"3 x 25",15,2.5,1.25]
[213,"3 x 25",15,2.5,1.25,0.25]
[213.5,"3 x 25",15,2.5,1.25,0.5]
[214,"3 x 25",15,2.5,1.25,0.75]
[214.5,"3 x 25",15,2.5,1.25,1]
[215,"3 x 25",20]
[215.5,"3 x 25",20,0.25]
[216,"3 x 25",20,0.5]
[216.5,"3 x 25",20,0.75]
[217,"3 x 25",20,1]
[217.5,"3 x 25",20,1.25]
[218,"3 x 25",20,1.25,0.25]
[218.5,"3 x 25",20,1.25,0.5]
[219,"3 x 25",20,1.25,0.75]
[219.5,"3 x 25",20,1.25,1]
[220,"3 x 25",20,2.5]
[220.5,"3 x 25",20,2.5,0.25]
[221,"3 x 25",20,2.5,0.5]
[221.5,"3 x 25",20,2.5,0.75]
[222,"3 x 25",20,2.5,1]
[222.5,"3 x 25",20,2.5,1.25]
[223,"3 x 25",20,2.5,1.25,0.25]
[223.5,"3 x 25",20,2.5,1.25,0.5]
[224,"3 x 25",20,2.5,1.25,0.75]
[224.5,"3 x 25",20,2.5,1.25,1]
[225,"4 x 25"]
[225.5,"4 x 25",0.25]
[226,"4 x 25",0.5]
[226.5,"4 x 25",0.75]
[227,"4 x 25",1]
[227.5,"4 x 25",1.25]
[228,"4 x 25",1.25,0.25]
[228.5,"4 x 25",1.25,0.5]
[229,"4 x 25",1.25,0.75]
[229.5,"4 x 25",1.25,1]
[230,"4 x 25",2.5]
[230.5,"4 x 25",2.5,0.25]
[231,"4 x 25",2.5,0.5]
[231.5,"4 x 25",2.5,0.75]
[232,"4 x 25",2.5,1]
[232.5,"4 x 25",2.5,1.25]
[233,"4 x 25",2.5,1.25,0.25]
[233.5,"4 x 25",2.5,1.25,0.5]
[234,"4 x 25",2.5,1.25,0.75]
[234.5,"4 x 25",2.5,1.25,1]
[235,"4 x 25",5]
[235.5,"4 x 25",5,0.25]
[236,"4 x 25",5,0.5]
[236.5,"4 x 25",5,0.75]
[237,"4 x 25",5,1]
[237.5,"4 x 25",5,1.25]
[238,"4 x 25",5,1.25,0.25]
[238.5,"4 x 25",5,1.25,0.5]
[239,"4 x 25",5,1.25,0.75]
[239.5,"4 x 25",5,1.25,1]
[240,"4 x 25",5,2.5]
[240.5,"4 x 25",5,2.5,0.25]
[241,"4 x 25",5,2.5,0.5]
[241.5,"4 x 25",5,2.5,0.75]
[242,"4 x 25",5,2.5,1]
[242.5,"4 x 25",5,2.5,1.25]
[243,"4 x 25",5,2.5,1.25,0.25]
[243.5,"4 x 25",5,2.5,1.25,0.5]
[244,"4 x 25",5,2.5,1.25,0.75]
[244.5,"4 x 25",5,2.5,1.25,1]
[245,"4 x 25",10]
[245.5,"4 x 25",10,0.25]
[246,"4 x 25",10,0.5]
[246.5,"4 x 25",10,0.75]
[247,"4 x 25",10,1]
[247.5,"4 x 25",10,1.25]
[248,"4 x 25",10,1.25,0.25]
[248.5,"4 x 25",10,1.25,0.5]
[249,"4 x 25",10,1.25,0.75]
[249.5,"4 x 25",10,1.25,1]
[250,"4 x 25",10,2.5]
[250.5,"4 x 25",10,2.5,0.25]
[251,"4 x 25",10,2.5,0.5]
[251.5,"4 x 25",10,2.5,0.75]
[252,"4 x 25",10,2.5,1]
[252.5,"4 x 25",10,2.5,1.25]
[253,"4 x 25",10,2.5,1.25,0.25]
[253.5,"4 x 25",10,2.5,1.25,0.5]
[254,"4 x 25",10,2.5,1.25,0.75]
[254.5,"4 x 25",10,2.5,1.25,1]
[255,"4 x 25",15]
[255.5,"4 x 25",15,0.25]
[256,"4 x 25",15,0.5]
[256.5,"4 x 25",15,0.75]
[257,"4 x 25",15,1]
[257.5,"4 x 25",15,1.25]
[258,"4 x 25",15,1.25,0.25]
[258.5,"4 x 25",15,1.25,0.5]
[259,"4 x 25",15,1.25,0.75]
[259.5,"4 x 25",15,1.25,1]
[260,"4 x 25",15,2.5]
[260.5,"4 x 25",15,2.5,0.25]
[261,"4 x 25",15,2.5,0.5]
[261.5,"4 x 25",15,2.5,0.75]
[262,"4 x 25",15,2.5,1]
[262.5,"4 x 25",15,2.5,1.25]
[263,"4 x 25",15,2.5,1.25,0.25]
[263.5,"4 x 25",15,2.5,1.25,0.5]
[264,"4 x 25",15,2.5,1.25,0.75]
[264.5,"4 x 25",15,2.5,1.25,1]
[265,"4 x 25",20]
[265.5,"4 x 25",20,0.25]
[266,"4 x 25",20,0.5]
[266.5,"4 x 25",20,0.75]
[267,"4 x 25",20,1]
[267.5,"4 x 25",20,1.25]
[268,"4 x 25",20,1.25,0.25]
[268.5,"4 x 25",20,1.25,0.5]
[269,"4 x 25",20,1.25,0.75]
[269.5,"4 x 25",20,1.25,1]
[270,"4 x 25",20,2.5]
[270.5,"4 x 25",20,2.5,0.25]
[271,"4 x 25",20,2.5,0.5]
[271.5,"4 x 25",20,2.5,0.75]
[272,"4 x 25",20,2.5,1]
[272.5,"4 x 25",20,2.5,1.25]
[273,"4 x 25",20,2.5,1.25,0.25]
[273.5,"4 x 25",20,2.5,1.25,0.5]
[274,"4 x 25",20,2.5,1.25,0.75]
[274.5,"4 x 25",20,2.5,1.25,1]
[275,"5 x 25"]
[275.5,"5 x 25",0.25]
[276,"5 x 25",0.5]
[276.5,"5 x 25",0.75]
[277,"5 x 25",1]
[277.5,"5 x 25",1.25]
[278,"5 x 25",1.25,0.25]
[278.5,"5 x 25",1.25,0.5]
[279,"5 x 25",1.25,0.75]
[279.5,"5 x 25",1.25,1]
[280,"5 x 25",2.5]
[280.5,"5 x 25",2.5,0.25]
[281,"5 x 25",2.5,0.5]
[281.5,"5 x 25",2.5,0.75]
[282,"5 x 25",2.5,1]
[282.5,"5 x 25",2.5,1.25]
[283,"5 x 25",2.5,1.25,0.25]
[283.5,"5 x 25",2.5,1.25,0.5]
[284,"5 x 25",2.5,1.25,0.75]
[284.5,"5 x 25",2.5,1.25,1]
[285,"5 x 25",5]
[285.5,"5 x 25",5,0.25]
[286,"5 x 25",5,0.5]
[286.5,"5 x 25",5,0.75]
[287,"5 x 25",5,1]
[287.5,"5 x 25",5,1.25]
[288,"5 x 25",5,1.25,0.25]
[288.5,"5 x 25",5,1.25,0.5]
[289,"5 x 25",5,1.25,0.75]
[289.5,"5 x 25",5,1.25,1]
[290,"5 x 25",5,2.5]
[290.5,"5 x 25",5,2.5,0.25]
[291,"5 x 25",5,2.5,0.5]
[291.5,"5 x 25",5,2.5,0.75]
[292,"5 x 25",5,2.5,1]
[292.5,"5 x 25",5,2.5,1.25]
[293,"5 x 25",5,2.5,1.25,0.25]
[293.5,"5 x 25",5,2.5,1.25,0.5]
[294,"5 x 25",5,2.5,1.25,0.75]
[294.5,"5 x 25",5,2.5,1.25,1]
[295,"5 x 25",10]
[295.5,"5 x 25",10,0.25]
[296,"5 x 25",10,0.5]
[296.5,"5 x 25",10,0.75]
[297,"5 x 25",10,1]
[297.5,"5 x 25",10,1.25]
[298,"5 x 25",10,1.25,0.25]
[298.5,"5 x 25",10,1.25,0.5]
[299,"5 x 25",10,1.25,0.75]
[299.5,"5 x 25",10,1.25,1]
[300,"5 x 25",10,2.5]
[300.5,"5 x 25",10,2.5,0.25]
[301,"5 x 25",10,2.5,0.5]
[301.5,"5 x 25",10,2.5,0.75]
[302,"5 x 25",10,2.5,1]
[302.5,"5 x 25",10,2.5,1.25]
[303,"5 x 25",10,2.5,1.25,0.25]
[303.5,"5 x 25",10,2.5,1.25,0.5]
[304,"5 x 25",10,2.5,1.25,0.75]
[304.5,"5 x 25",10,2.5,1.25,1]
[305,"5 x 25",15]
[305.5,"5 x 25",15,0.25]
[306,"5 x 25",15,0.5]
[306.5,"5 x 25",15,0.75]
[307,"5 x 25",15,1]
[307.5,"5 x 25",15,1.25]
[308,"5 x 25",15,1.25,0.25]
[308.5,"5 x 25",15,1.25,0.5]
[309,"5 x 25",15,1.25,0.75]
[309.5,"5 x 25",15,1.25,1]
[310,"5 x 25",15,2.5]
[310.5,"5 x 25",15,2.5,0.25]
[311,"5 x 25",15,2.5,0.5]
[311.5,"5 x 25",15,2.5,0.75]
[312,"5 x 25",15,2.5,1]
[312.5,"5 x 25",15,2.5,1.25]
[313,"5 x 25",15,2.5,1.25,0.25]
[313.5,"5 x 25",15,2.5,1.25,0.5]
[314,"5 x 25",15,2.5,1.25,0.75]
[314.5,"5 x 25",15,2.5,1.25,1]
[315,"5 x 25",20]
[315.5,"5 x 25",20,0.25]
[316,"5 x 25",20,0.5]
[316.5,"5 x 25",20,0.75]
[317,"5 x 25",20,1]
[317.5,"5 x 25",20,1.25]
[318,"5 x 25",20,1.25,0.25]
[318.5,"5 x 25",20,1.25,0.5]
[319,"5 x 25",20,1.25,0.75]
[319.5,"5 x 25",20,1.25,1]
[320,"5 x 25",20,2.5]
[320.5,"5 x 25",20,2.5,0.25]
[321,"5 x 25",20,2.5,0.5]
[321.5,"5 x 25",20,2.5,0.75]
[322,"5 x 25",20,2.5,1]
[322.5,"5 x 25",20,2.5,1.25]
[323,"5 x 25",20,2.5,1.25,0.25]
[323.5,"5 x 25",20,2.5,1.25,0.5]
[324,"5 x 25",20,2.5,1.25,0.75]
[324.5,"5 x 25",20,2.5,1.25,1]
[325,"6 x 25"]
[325.5,"6 x 25",0.25]
[326,"6 x 25",0.5]
[326.5,"6 x 25",0.75]
[327,"6 x 25",1]
[327.5,"6 x 25",1.25]
[328,"6 x 25",1.25,0.25]
[328.5,"6 x 25",1.25,0.5]
[329,"6 x 25",1.25,0.75]
[329.5,"6 x 25",1.25,1]
[330,"6 x 25",2.5]
[330.5,"6 x 25",2.5,0.25]
[331,"6 x 25",2.5,0.5]
[331.5,"6 x 25",2.5,0.75]
[332,"6 x 25",2.5,1]
[332.5,"6 x 25",2.5,1.25]
[333,"6 x 25",2.5,1.25,0.25]
[333.5,"6 x 25",2.5,1.25,0.5]
[334,"6 x 25",2.5,1.25,0.75]
[334.5,"6 x 25",2.5,1.25,1]
[335,"6 x 25",5]
[335.5,"6 x 25",5,0.25]
[336,"6 x 25",5,0.5]
[336.5,"6 x 25",5,0.75]
[337,"6 x 25",5,1]
[337.5,"6 x 25",5,1.25]
[338,"6 x 25",5,1.25,0.25]
[338.5,"6 x 25",5,1.25,0.5]
[339,"6 x 25",5,1.25,0.75]
[339.5,"6 x 25",5,1.25,1]
[340,"6 x 25",5,2.5]
[340.5,"6 x 25",5,2.5,0.25]
[341,"6 x 25",5,2.5,0.5]
[341.5,"6 x 25",5,2.5,0.75]
[342,"6 x 25",5,2.5,1]
[342.5,"6 x 25",5,2.5,1.25]
[343,"6 x 25",5,2.5,1.25,0.25]
[343.5,"6 x 25",5,2.5,1.25,0.5]
[344,"6 x 25",5,2.5,1.25,0.75]
[344.5,"6 x 25",5,2.5,1.25,1]
[345,"6 x 25",10]
[345.5,"6 x 25",10,0.25]
[346,"6 x 25",10,0.5]
[346.5,"6 x 25",10,0.75]
[347,"6 x 25",10,1]
[347.5,"6 x 25",10,1.25]
[348,"6 x 25",10,1.25,0.25]
[348.5,"6 x 25",10,1.25,0.5]
[349,"6 x 25",10,1.25,0.75]
[349.5,"6 x 25",10,1.25,1]
[350,"6 x 25",10,2.5]
[350.5,"6 x 25",10,2.5,0.25]
[351,"6 x 25",10,2.5,0.5]
[351.5,"6 x 25",10,2.5,0.75]
[352,"6 x 25",10,2.5,1]
[352.5,"6 x 25",10,2.5,1.25]
[353,"6 x 25",10,2.5,1.25,0.25]
[353.5,"6 x 25",10,2.5,1.25,0.5]
[354,"6 x 25",10,2.5,1.25,0.75]
[354.5,"6 x 25",10,2.5,1.25,1]
[355,"6 x 25",15]
[355.5,"6 x 25",15,0.25]
[356,"6 x 25",15,0.5]
[356.5,"6 x 25",15,0.75]
[357,"6 x 25",15,1]
[357.5,"6 x 25",15,1.25]
[358,"6 x 25",15,1.25,0.25]
[358.5,"6 x 25",15,1.25,0.5]
[359,"6 x 25",15,1.25,0.75]
[359.5,"6 x 25",15,1.25,1]
[360,"6 x 25",15,2.5]
[360.5,"6 x 25",15,2.5,0.25]
[361,"6 x 25",15,2.5,0.5]
[361.5,"6 x 25",15,2.5,0.75]
[362,"6 x 25",15,2.5,1]
[362.5,"6 x 25",15,2.5,1.25]
[363,"6 x 25",15,2.5,1.25,0.25]
[363.5,"6 x 25",15,2.5,1.25,0.5]
[364,"6 x 25",15,2.5,1.25,0.75]
[364.5,"6 x 25",15,2.5,1.25,1]
[365,"6 x 25",20]
[365.5,"6 x 25",20,0.25]
[366,"6 x 25",20,0.5]
[366.5,"6 x 25",20,0.75]
[367,"6 x 25",20,1]
[367.5,"6 x 25",20,1.25]
[368,"6 x 25",20,1.25,0.25]
[368.5,"6 x 25",20,1.25,0.5]
[369,"6 x 25",20,1.25,0.75]
[369.5,"6 x 25",20,1.25,1]
[370,"6 x 25",20,2.5]
[370.5,"6 x 25",20,2.5,0.25]
[371,"6 x 25",20,2.5,0.5]
[371.5,"6 x 25",20,2.5,0.75]
[372,"6 x 25",20,2.5,1]
[372.5,"6 x 25",20,2.5,1.25]
[373,"6 x 25",20,2.5,1.25,0.25]
[373.5,"6 x 25",20,2.5,1.25,0.5]
[374,"6 x 25",20,2.5,1.25,0.75]
[374.5,"6 x 25",20,2.5,1.25,1]
[375,"7 x 25"]
[375.5,"7 x 25",0.25]
[376,"7 x 25",0.5]
[376.5,"7 x 25",0.75]
[377,"7 x 25",1]
[377.5,"7 x 25",1.25]
[378,"7 x 25",1.25,0.25]
[378.5,"7 x 25",1.25,0.5]
[379,"7 x 25",1.25,0.75]
[379.5,"7 x 25",1.25,1]
[380,"7 x 25",2.5]
[380.5,"7 x 25",2.5,0.25]
[381,"7 x 25",2.5,0.5]
[381.5,"7 x 25",2.5,0.75]
[382,"7 x 25",2.5,1]
[382.5,"7 x 25",2.5,1.25]
[383,"7 x 25",2.5,1.25,0.25]
[383.5,"7 x 25",2.5,1.25,0.5]
[384,"7 x 25",2.5,1.25,0.75]
[384.5,"7 x 25",2.5,1.25,1]
[385,"7 x 25",5]
[385.5,"7 x 25",5,0.25]
[386,"7 x 25",5,0.5]
[386.5,"7 x 25",5,0.75]
[387,"7 x 25",5,1]
[387.5,"7 x 25",5,1.25]
[388,"7 x 25",5,1.25,0.25]
[388.5,"7 x 25",5,1.25,0.5]
[389,"7 x 25",5,1.25,0.75]
[389.5,"7 x 25",5,1.25,1]
[390,"7 x 25",5,2.5]
[390.5,"7 x 25",5,2.5,0.25]
[391,"7 x 25",5,2.5,0.5]
[391.5,"7 x 25",5,2.5,0.75]
[392,"7 x 25",5,2.5,1]
[392.5,"7 x 25",5,2.5,1.25]
[393,"7 x 25",5,2.5,1.25,0.25]
[393.5,"7 x 25",5,2.5,1.25,0.5]
[394,"7 x 25",5,2.5,1.25,0.75]
[394.5,"7 x 25",5,2.5,1.25,1]
[395,"7 x 25",10]
[395.5,"7 x 25",10,0.25]
[396,"7 x 25",10,0.5]
[396.5,"7 x 25",10,0.75]
[397,"7 x 25",10,1]
[397.5,"7 x 25",10,1.25]
[398,"7 x 25",10,1.25,0.25]
[398.5,"7 x 25",10,1.25,0.5]
[399,"7 x 25",10,1.25,0.75]
[399.5,"7 x 25",10,1.25,1]
[400,"7 x 25",10,2.5]
[400.5,"7 x 25",10,2.5,0.25]
[401,"7 x 25",10,2.5,0.5]
[401.5,"7 x 25",10,2.5,0.75]
[402,"7 x 25",10,2.5,1]
[402.5,"7 x 25",10,2.5,1.25]
[403,"7 x 25",10,2.5,1.25,0.25]
[403.5,"7 x 25",10,2.5,1.25,0.5]
[404,"7 x 25",10,2.5,1.25,0.75]
[404.5,"7 x 25",10,2.5,1.25,1]
[405,"7 x 25",15]
[405.5,"7 x 25",15,0.25]
[406,"7 x 25",15,0.5]
[406.5,"7 x 25",15,0.75]
[407,"7 x 25",15,1]
[407.5,"7 x 25",15,1.25]
[408,"7 x 25",15,1.25,0.25]
[408.5,"7 x 25",15,1.25,0.5]
[409,"7 x 25",15,1.25,0.75]
[409.5,"7 x 25",15,1.25,1]
[410,"7 x 25",15,2.5]
[410.5,"7 x 25",15,2.5,0.25]
[411,"7 x 25",15,2.5,0.5]
[411.5,"7 x 25",15,2.5,0.75]
[412,"7 x 25",15,2.5,1]
[412.5,"7 x 25",15,2.5,1.25]
[413,"7 x 25",15,2.5,1.25,0.25]
[413.5,"7 x 25",15,2.5,1.25,0.5]
[414,"7 x 25",15,2.5,1.25,0.75]
[414.5,"7 x 25",15,2.5,1.25,1]
[415,"7 x 25",20]
[415.5,"7 x 25",20,0.25]
[416,"7 x 25",20,0.5]
[416.5,"7 x 25",20,0.75]
[417,"7 x 25",20,1]
[417.5,"7 x 25",20,1.25]
[418,"7 x 25",20,1.25,0.25]
[418.5,"7 x 25",20,1.25,0.5]
[419,"7 x 25",20,1.25,0.75]
[419.5,"7 x 25",20,1.25,1]
[420,"7 x 25",20,2.5]
[420.5,"7 x 25",20,2.5,0.25]
[421,"7 x 25",20,2.5,0.5]
[421.5,"7 x 25",20,2.5,0.75]
[422,"7 x 25",20,2.5,1]
[422.5,"7 x 25",20,2.5,1.25]
[423,"7 x 25",20,2.5,1.25,0.25]
[423.5,"7 x 25",20,2.5,1.25,0.5]
[424,"7 x 25",20,2.5,1.25,0.75]
[424.5,"7 x 25",20,2.5,1.25,1]
[425,"8 x 25"]
[425.5,"8 x 25",0.25]
[426,"8 x 25",0.5]
[426.5,"8 x 25",0.75]
[427,"8 x 25",1]
[427.5,"8 x 25",1.25]
[428,"8 x 25",1.25,0.25]
[428.5,"8 x 25",1.25,0.5]
[429,"8 x 25",1.25,0.75]
[429.5,"8 x 25",1.25,1]
[430,"8 x 25",2.5]
[430.5,"8 x 25",2.5,0.25]
[431,"8 x 25",2.5,0.5]
[431.5,"8 x 25",2.5,0.75]
[432,"8 x 25",2.5,1]
[432.5,"8 x 25",2.5,1.25]
[433,"8 x 25",2.5,1.25,0.25]
[433.5,"8 x 25",2.5,1.25,0.5]
[434,"8 x 25",2.5,1.25,0.75]
[434.5,"8 x 25",2.5,1.25,1]
[435,"8 x 25",5]
[435.5,"8 x 25",5,0.25]
[436,"8 x 25",5,0.5]
[436.5,"8 x 25",5,0.75]
[437,"8 x 25",5,1]
[437.5,"8 x 25",5,1.25]
[438,"8 x 25",5,1.25,0.25]
[438.5,"8 x 25",5,1.25,0.5]
[439,"8 x 25",5,1.25,0.75]
[439.5,"8 x 25",5,1.25,1]
[440,"8 x 25",5,2.5]
[440.5,"8 x 25",5,2.5,0.25]
[441,"8 x 25",5,2.5,0.5]
[441.5,"8 x 25",5,2.5,0.75]
[442,"8 x 25",5,2.5,1]
[442.5,"8 x 25",5,2.5,1.25]
[443,"8 x 25",5,2.5,1.25,0.25]
[443.5,"8 x 25",5,2.5,1.25,0.5]
[444,"8 x 25",5,2.5,1.25,0.75]
[444.5,"8 x 25",5,2.5,1.25,1]
[445,"8 x 25",10]
[445.5,"8 x 25",10,0.25]
[446,"8 x 25",10,0.5]
[446.5,"8 x 25",10,0.75]
[447,"8 x 25",10,1]
[447.5,"8 x 25",10,1.25]
[448,"8 x 25",10,1.25,0.25]
[448.5,"8 x 25",10,1.25,0.5]
[449,"8 x 25",10,1.25,0.75]
[449.5,"8 x 25",10,1.25,1]
[450,"8 x 25",10,2.5]
[450.5,"8 x 25",10,2.5,0.25]
[451,"8 x 25",10,2.5,0.5]
[451.5,"8 x 25",10,2.5,0.75]
[452,"8 x 25",10,2.5,1]
[452.5,"8 x 25",10,2.5,1.25]
[455,"8 x 25",15]
[457.5,"8 x 25",15,1.25]
[460,"8 x 25",15,2.5]
[462.5,"8 x 25",15,2.5,1.25]
[465,"8 x 25",20]
[467.5,"8 x 25",20,1.25]
[470,"8 x 25",20,2.5]
[472.5,"8 x 25",20,2.5,1.25]
[475,"9 x 25"]
[477.5,"9 x 25",1.25]
[480,"9 x 25",2.5]
[482.5,"9 x 25",2.5,1.25]
[485,"9 x 25",5]
[487.5,"9 x 25",5,1.25]
[490,"9 x 25",5,2.5]
[492.5,"9 x 25",5,2.5,1.25]
[495,"9 x 25",10]
[497.5,"9 x 25",10,1.25]
[500,"9 x 25",10,2.5]

{"sheet":"Premiacion","index":6,"n_rows":39,"n_cols":13,"rows_kept":39,"cut":false,"hidden":false,"merged":[]}
[]
[true,false,false,false,false,true,false,false,false,false,false,false,false]
[false,false,false,false,false,true,false,false,false,false,false,false,false]
[false,false,false,false,false,true,false,false,false,false,false,false,false]
[false,false,true,false,false,false,false,true,true,false,false,false,false]
[false,false,false,false,false,false,false,false,false,false,false,false,false]
[false,false,false,false,true,false,false,false,true,false,false,false,false]
[false,false,true,false,false,false,false,false,true,false,false,false,false]
[]
[false,false,true,false,false,true,false,false,false,false,false,false,false]
[]
[false,false,false,false,false,false,false,false,true,false,false,false,false]
[]
[false,false,false,true,false,false,false,false,true,false,false,false,false]
[false,false,false,false,false,false,false,false,false,false,false,false,false]
[false,true,true,false,true,false,false,true,true,false,false,false,false]
[]
[false,false,false,true,false,false,false,false,false,false,false,false,false]
[false,false,false,false,false,false,false,false,false,false,false,false,false]
[false,false,false,false,false,false,false,false,false,false,false,false,false]
[false,false,false,false,false,false,false,false,false,false,false,false,false]
[false,false,false,false,false,false,false,false,false,false,false,false,false]
[false,false,false,false,false,false,false,false,false,false,false,false,false]
[false,false,false,false,false,false,false,false,false,false,false,false,false]
[false,false,false,false,false,false,false,false,false,false,false,false,false]
[false,false,false,false,false,false,false,false,false,false,false,false,false]
[false,false,false,false,false,false,false,false,false,false,false,false,false]
[false,false,false,false,false,false,false,false,false,false,false,false,false]
[false,false,false,false,false,false,false,false,false,false,false,false,false]
[false,false,false,false,false,false,false,false,false,false,false,false,false]
[false,false,false,false,false,false,false,false,false,false,false,false,false]
[false,false,false,false,false,false,false,false,false,false,false,false,false]
[false,false,false,false,false,false,false,false,false,false,false,false,false]
[false,false,false,false,false,false,false,false,false,false,false,false,false]
[false,false,false,false,false,false,false,false,false,false,false,false,false]
[false,false,false,false,false,false,false,false,false,false,false,false,false]
[false,false,false,false,false,false,false,false,false,false,false,false,false]
[false,false,false,false,false,false,false,false,false,false,false,false,false]
[false,false,false,false,false,false,false,false,false,false,false,false,false]